be (9 + 1)*1/k. Suppose -5*o - 3 = 2*c, 0 = p*c + 4*o + 2 - 3. What is n(c)?
-4
Let l(k) be the second derivative of -k**3 - k**2 - 5*k - 3. Determine l(-1).
4
Let p(s) = s - 2. Let y be (9 - 15)*(-14)/12. What is p(y)?
5
Suppose -s + 5 = 3. Let k(j) be the first derivative of s - 3/2*j**2 + 0*j. Determine k(2).
-6
Let j be (-1)/(-1) - (-12)/(-2). Let t(v) be the third derivative of v**6/120 + v**5/15 - v**4/6 + v**3/3 - v**2. Calculate t(j).
-3
Let x be 3*(0 - -1) - -5 - 0. Let y(h) = h**2 - 8*h - 5. Determine y(x).
-5
Let s(b) = -2*b - 6. Let c be s(-5). Suppose -20 = -c*f - 4. Suppose -f = -3*x + 5. Let u(o) = o - 3. Give u(x).
0
Let o(u) = -4*u + 4 + 0*u + u**2 - 2*u + 4*u. What is o(4)?
12
Let u(w) = -4 - 4*w**2 + 7*w - 4*w - 6*w + 5*w**2. What is u(3)?
-4
Let o(f) = f**3 + 7*f**2 + 7*f + 2. Let b(i) = -7*i + 22. Let n be b(4). What is o(n)?
-4
Let x(m) = -m**2 + 4*m + 1. Suppose -5*s = -3*s + 4. Let c be 1/(s/6)*-1. Calculate x(c).
4
Let q(s) = -s**2 - 6 - 2*s**2 - 2*s**2 + 4*s**2. Calculate q(0).
-6
Let o(x) be the second derivative of 5*x**3/3 - 2*x. Let j be (-1 - 0) + (0 - 0). Determine o(j).
-10
Suppose 0 = -2*f + 3*j - 8, 3*f + 0*j + 4*j - 22 = 0. Let d(y) = -y**3 + 2*y**2 - 3*y + 1. Calculate d(f).
-5
Suppose -32*y + 36 = -36*y. Let g(j) = 6*j + 15. Let w(h) = 3*h + 8. Let s(v) = y*w(v) + 5*g(v). Give s(-2).
-3
Let k(n) = -5*n**3 + 2*n**2 + 15*n - 9. Let a(f) = -3*f**3 + f**2 + 10*f - 6. Let y(u) = 8*a(u) - 5*k(u). What is y(3)?
21
Let c(u) = u**2 + u + 2. Let p be 1 - -13 - (0 + 2). Let k = 12 - p. Give c(k).
2
Let d(g) be the third derivative of g**4/8 + 5*g**3/3 - 3*g**2. Let t(j) = 4*j + 15. Let h(c) = 7*d(c) - 5*t(c). What is h(5)?
0
Suppose 0 = 4*v - 2*d + 5*d - 23, 3*d = 2*v - 25. Suppose -3*h = 2*w + w + 6, -4*h - 5*w - v = 0. Let j(s) = -3*s - 3. What is j(h)?
3
Suppose w + 3*y - 6 = 0, -4*y - 9 = 4*w - 3*y. Let i(d) = d**2 + d - 2. Determine i(w).
4
Let j(x) = 2*x**3 - 2*x**2 + x + 5. Let q(k) = 2*k**3 - 2*k**2 + k + 4. Let a(o) = 3*j(o) - 4*q(o). Let y be (-4)/(-3)*(-3)/(-2). Calculate a(y).
-11
Suppose -4*k = 5*v - 50, 0 = v + 1 + 1. Let y = k - 9. Let c be y/(-2)*-1 + -3. Let q(h) = h**3 + 3. Give q(c).
3
Suppose 8*o - 10*o + 4 = 0. Let a(k) be the first derivative of o*k**2 + k**2 + 0 - 4 - 4*k**2. Give a(1).
-2
Let n(d) = -d**3 - d**2 + d - 10. Let t(r) = 28 - 28 - r**2 - 6*r. Let f(p) = -p**3 + 6*p**2 + 7*p - 6. Let y be f(7). Let k be t(y). Calculate n(k).
-10
Let a = 13 - 9. Let f(c) be the third derivative of c**5/60 - c**4/8 - c**3/2 + c**2. Calculate f(a).
1
Let m(b) = -2*b - b**2 - 5*b + 2*b. Let z(c) = c**3 - 9*c**2 + c + 11. Let d be z(9). Suppose -4*q = -5*f - 0 + d, 0 = 2*f. What is m(q)?
0
Let f(i) = -4*i**3 - i**2 + 2*i + 11. Let n(k) = -5*k**3 - 2*k**2 + 2*k + 12. Let s(q) = 6*f(q) - 5*n(q). Determine s(-4).
-2
Let u(m) = -m**3 - 3*m**2 - m + 2. Let z be u(-3). Suppose -10 + 4 = -j - 3*y, y = 2. Let w(t) = z + j + t**2 - 7*t + 2. What is w(5)?
-3
Suppose -h - h = -5*q - 20, 12 = -4*h - 3*q. Let o(i) = -2*i + 10*i**2 + 3*i + h*i**2. Calculate o(-1).
9
Let x(q) = 6*q**2 + 1 - 7 - 2 + 5*q**3 - 4*q - 7*q. Let o(j) = -2*j**3 - 2*j**2 + 4*j + 3. Let t(v) = -8*o(v) - 3*x(v). Determine t(1).
0
Let t(y) = y - 4. Let u(f) = -2*f**2 - f. Let l be u(-2). Let p be 3 - 11/((-11)/l). Give t(p).
-7
Let k = 3 - -1. Let a = 4 - k. Let l(v) = -v - 10. Give l(a).
-10
Let d(n) be the first derivative of n**4/4 - 4*n**3/3 + n**2/2 + 3*n - 8. What is d(3)?
-3
Let b(j) be the third derivative of 1/24*j**4 + 4*j**2 + 0*j + 0 + 5/3*j**3. What is b(-5)?
5
Let o = 5 - 9. Let d be (o/(-6))/(2/(-3)). Let q(w) = -7*w**2 - 2*w - 1. Give q(d).
-6
Let w(h) = h**3 + h + 4. Suppose -3*l = -l. Suppose -4*i - i = l. Calculate w(i).
4
Let s(t) = t**3 + t**2 - 4*t - 1. Let p be (-2)/4*0/(-1). Let f = p - 2. Let m be (f + 1)/(3/9). What is s(m)?
-7
Let c(h) = 9*h - 17. Let i(u) = -4*u + 8. Let x(q) = 2*c(q) + 5*i(q). What is x(4)?
-2
Let k(v) = -8*v**2 - 5*v - 2. Let u(x) = 7*x**2 + 5*x + 2. Let w(g) = 6*k(g) + 7*u(g). Let n(z) = z**2 - z - 3. Let j be n(0). Calculate w(j).
-4
Suppose -4*j - j - 30 = 0. Suppose -2*s + 25 = -6*s - 3*m, -s = -5*m + 12. Let n = j - s. Let h(o) = 7*o + 1. Determine h(n).
8
Let q(f) = 3*f - f - f**2 + 1 - f - 2. Let c(t) = -6*t**3 - 2*t**2 + 5*t - 2. Let s(p) = c(p) - 3*q(p). What is s(-1)?
6
Let s(w) = -2*w + 3. Let r(g) = 3*g - 6. Suppose 5*i + 12 = 3*i. Let h(u) = i*r(u) - 10*s(u). Give h(-5).
-4
Let w(j) = 3*j + 1. Let p be (1 + 1)*(-3)/(-2). Let v be w(p). Suppose -v = -2*u + 7*u. Let d(i) = -i**2 + 2*i + 3. Give d(u).
-5
Suppose -2*w = -3*c + 2*w - 5, -c = -w. Let r(j) = -j - j**2 - c + 7 - 2*j**2. Give r(-2).
-8
Let f be (-1 + 1)/(2 - 1). Suppose -5 - 4 = -3*q. Suppose q*a + 3*o = f, 4*o - 4 = -2*a + 6. Let d(s) = s**3 + 6*s**2 + 3*s - 4. Calculate d(a).
6
Let b(o) = -o**2 - 4*o**2 - o**2 + 3*o**2. Calculate b(-1).
-3
Let k(f) = 12*f**2 - 5*f - 7. Let c(d) = -36*d**2 + 14*d + 20. Let x(g) = -6*c(g) - 17*k(g). Calculate x(1).
12
Let q(m) = -m**2 - m - 2. Let s(w) = 3*w**2 + 5*w + 9. Let u(d) = 9*q(d) + 2*s(d). Determine u(1).
-2
Let y(j) = j**3 + 7*j**2 + 4*j + 3. Let t(m) = m**2 - 9*m - 6. Let q be t(9). Determine y(q).
15
Suppose 0 = -3*b - 2*b + 15. Suppose 8*f - 3*f = 10. Let n(v) = 3 - 2*v - f*v**2 + 3 - 3 + 4*v. Determine n(b).
-9
Let b(h) = 9*h - 16*h + 4 + 4*h. What is b(4)?
-8
Suppose 5*h = 4*k + 13, 0 = -k + 4*h - 2*h - 1. Let i(m) = -2*m**2 + 7*m - 2. Let z(p) = 3*p**2 - 7*p + 1. Let l(t) = -4*i(t) - 3*z(t). Give l(k).
5
Let v(w) be the first derivative of -3*w**4/4 - w**2/2 - w + 1. Let t(s) = s**3 - 2*s**2 + s - 1. Let q = -10 + 11. Let a be t(q). What is v(a)?
3
Suppose 0 = -2*a + a + 2. Let t(p) = 2 - 12*p - 3 + 0 + a. Give t(1).
-11
Suppose -3*k + 0*k + 6 = 2*z, 3*k = 12. Let m(g) be the second derivative of -g - 3/2*g**2 - 5/6*g**3 - 1/6*g**4 + 0. What is m(z)?
-6
Let j(o) = -o - 6. Suppose 4*u - 32 = -4*n, 5*n - 2 - 8 = 5*u. Suppose 0 = 4*h - 4*z + 32, 3*h + u*z - 6 + 18 = 0. Determine j(h).
0
Let z(l) = -4*l - 4 - 3*l + 3 + 5*l**3 + 5*l. Give z(-1).
-4
Let s(c) be the second derivative of c**7/840 + c**6/360 + c**5/40 - c**4/2 - c. Let u(j) be the third derivative of s(j). Determine u(-2).
11
Let a = -1 - -4. Suppose -8*t = -3*t + 2*k, -a*k = -t + 17. Suppose -5*y + 2*n + 3 = -2*n, -4*n + 18 = t*y. Let s(g) = -g**3 + 3*g**2 - g - 1. Calculate s(y).
-4
Let j(u) = u**2 + u + 4. Let q = -2 - -2. Let w be j(q). Let c(t) = 1 + t**2 - 4*t**2 + w*t + 4*t**2. Determine c(-5).
6
Let k(n) = 5*n**3 + n**2 - n + 1. Suppose 21 = -4*h - 19. Let c = -4 - h. Suppose -4*d + q + 2 = 0, c*q - 10 = q. Determine k(d).
6
Let c(a) = a**3 - 2*a**2 - 3*a - 2. Let h be c(3). Let y = -2 - h. Suppose y*k - 5*k - 15 = 0. Let u(x) = x**2 + 5*x + 2. Give u(k).
-4
Let r(h) = -7*h**2 - 6*h + 7. Let l(t) = 15*t**2 + 13*t - 15. Suppose 0 = n + p + 1 + 10, -n + 2*p = -4. Let u(m) = n*l(m) - 13*r(m). Determine u(-1).
0
Suppose -2*u + 21 = u. Suppose 2*a + 2*a = 8. Let g(w) = 3*w - u*w - 2*w**a + w**2. Determine g(-4).
0
Suppose -5*k + 30 = 5*r, 4*r = -5*k + 29 - 2. Let p(c) = c**3 - 5*c + 0*c**r - 4 + 0*c**3 + 2*c**2. Suppose -v = v + 6. Calculate p(v).
2
Let o(x) = x**3 - 3*x**2 - 4*x - 4. Suppose 5*g - 73 = 47. Let z be (g/(-9))/(4/(-6)). Determine o(z).
-4
Let i = -13 - -22. Suppose -f - 4*y + 4 = -i*y, 0 = -y. Let g(j) = -1 - j**2 + j - f*j**2 + 4*j**2 - 6*j**3. Determine g(1).
-7
Let c(h) = 3*h + h + 3 - 7. Determine c(3).
8
Suppose -4*v + 5 + 15 = 0. Let y(n) = n**3 - 6*n**2 + 4*n + 2. Determine y(v).
-3
Let o(m) = m. Let p(l) = -2*l. Let i(t) = 7*o(t) + 3*p(t). Give i(-4).
-4
Let u(c) = 6*c**2 + 6*c. Let l(p) = -30 + 30 + p. Let n(d) = 6*l(d) - u(d). What is n(1)?
-6
Let c(n) = -n**3 + 7*n**2 - 7*n - 4. Suppose 1 = 3*w - 17. Give c(w).
-10
Let u(l) = 5*l + 1. Let j = 7 - 8. What is u(j)?
-4
Suppose -6 + 1 = a - d, 2*a = -3*d + 10. Let s = a + 3. Suppose s*u - u - 1 = 0. Let l(q) = 6*q**2 - q + 1. Calculate l(u).
6
Suppose -4*g = 10 - 6. Let x(o) = -o**2 - 6*o. Let w(v) = -5*v**2 + 3*v**2 - 49*v - 5*v**2. Let i(j) = 6*w(j) - 49*x(j). Calculate i(g).
7
Let a(v) = 6*v**2 - 4*v + 2. Suppose q - 2*w - 12 = 0, 22 = -3*w + 7. Determine a(q).
18
Let q(d) = -2*d - 6. Let t(z) = -2*z - 6. Let b(y) = 4*q(y) - 5*t(y). Suppose